 s be (q/(-3))/(2/(-7)). List the prime factors of f(s).
2, 11
Let s = 93 - 92. Let j(c) be the second derivative of 19*c**3/6 - c. What are the prime factors of j(s)?
19
Suppose -5*c + 3*p + 15 = 0, -p = -5*c - 2*p - 5. Let j(m) = 0 + c*m + 6*m - 2*m + m**2 - 6. What are the prime factors of j(-7)?
3, 5
Let s(a) = -a**3 - 4*a**2 + a + 7. Let r be s(-6). Suppose 2*u = -y + r, -4*u - 3*y + 151 = -0*y. What are the prime factors of u?
2, 17
Let w be 40/12*(-6)/(-4). Suppose 450 = w*n + 80. List the prime factors of n.
2, 37
Let s(n) = n**3 + 11*n**2 - 12*n + 6. Let h be s(-12). Let a(g) = -g**2 + 10*g - 14. What are the prime factors of a(h)?
2, 5
Let c be (6 - 4)/(1/8). Let h(m) = 0*m - m + 11 + c. List the prime factors of h(0).
3
Suppose -2*x + 7 = -3*q - 5, -5*q + 2*x - 24 = 0. Let m = 6 + q. What are the prime factors of 3 + (m - 3 - -8)?
2
Let i(z) = z**3 - 8*z**2 - 10*z + 8. Let g be i(9). Let d = -70 + 72. What are the prime factors of 21 + (-1 - (g + d))?
19
Let m be 24/108 - (-32)/18. Suppose 8 = 3*t + m. Suppose z + 6 = t*s, z + 0 + 14 = 4*s. What are the prime factors of z?
2
Suppose 11*g - 9*g = 468. Suppose 2*y + 5*n = g, 2*y + 3*n = -2*y + 440. What are the prime factors of y?
107
Let j be (8/4)/2 + -139. Let c = j + 221. List the prime factors of c.
83
What are the prime factors of -40*6/84*-28?
2, 5
What are the prime factors of 17 - 11 - (-1230)/2?
3, 23
Suppose -3*q = 5*p - 4*p + 12, 4*q = 4*p. Let d(j) = -j - 4. Let h be d(5). List the prime factors of (q/h)/(2/174).
29
Let i(z) = z**3 + 2*z**2 + 3*z - 5. Let h(y) = -1. Let b(d) = 5*h(d) - i(d). What are the prime factors of b(-4)?
2, 11
Let f = -180 - -300. What are the prime factors of f?
2, 3, 5
Let a be 162/(-8) - (-30)/(-40). Let h = -19 - a. Suppose 3*o - h*m - 124 = -o, m = 5*o - 158. What are the prime factors of o?
2
Let l(z) = 26*z**3 + 2*z**2 - 1. Let i(w) = -2*w + 17. Let h be i(8). List the prime factors of l(h).
3
Let a(m) = -2*m + 5. Let d be a(-10). Let o be d/(-2)*(-12)/(-5). Let g = o - -51. What are the prime factors of g?
3, 7
Let v(p) = -16*p - 1. Suppose 0 = 2*w - 5*w + u + 13, 3*u = 4*w - 24. Suppose 5*l = l + x + 1, w*x = -15. List the prime factors of v(l).
3, 5
Let g(b) be the third derivative of 83*b**4/24 - b**3/6 + 9*b**2. List the prime factors of g(1).
2, 41
Let b(s) = -s**2 + 80*s - 259. List the prime factors of b(43).
2, 3, 37
Let s(q) = -5*q - 29. Let m(p) = p**3 - p**2 - p + 2. Let o be m(-2). What are the prime factors of s(o)?
11
Suppose r + 3*s = -3*r - 667, -r = -s + 165. Let c = r + 262. List the prime factors of c.
2, 3
Suppose 0 = -5*t + 10. Let n be 3/(1/t*2). Suppose -n*j + 27 + 6 = 0. List the prime factors of j.
11
Let i = -2133 + 4247. What are the prime factors of i?
2, 7, 151
Let h be (11/22*(3 - -1))/2. Let q(b) = 4*b**3 + 2*b**2 - 2*b + 1. What are the prime factors of q(h)?
5
Let o(f) = -23 + 31*f + 11 + 4. What are the prime factors of o(2)?
2, 3
Let k be 0 + (-1 + -35)/4. What are the prime factors of k*(-4)/(-16)*-56?
2, 3, 7
Let t(j) be the third derivative of j**5/20 - j**4/6 - j**3/6 + 8*j**2. What are the prime factors of t(-3)?
2, 19
Let n be 3/9 - (-20)/3. Let c(y) = -5 + 14 + 1 + y**2 - 6*y. What are the prime factors of c(n)?
17
Suppose 3*u + 2537 = 2*h, -u + 1213 - 3760 = -2*h. List the prime factors of h.
2, 11, 29
Let k(w) = -3*w - 7. Let v(i) = 5*i - 14. Let g(m) = -4*m + 14. Let l(r) = 3*g(r) + 2*v(r). Let s be l(10). List the prime factors of k(s).
11
Suppose u = 3*u - 10. Suppose -u*v - 5*l = -15, -v + 0 + 7 = 5*l. Suppose -28 = -v*x + 6. List the prime factors of x.
17
Let w(o) be the third derivative of o**6/120 - o**5/10 - o**4/12 + 4*o**2. Let i be w(6). List the prime factors of 1*28*i/(-14).
2, 3
Suppose 8*q - 3*q = 15. Suppose -6*h + q*h = -60. List the prime factors of h.
2, 5
List the prime factors of ((-6)/2 + 4)*-5 + 77.
2, 3
List the prime factors of (23 - 24) + (1027 - (-1 - -2)).
5, 41
Let y(w) = -5*w + 10. Let i be y(5). What are the prime factors of 302 - 3*5/i?
3, 101
Suppose -2*j + 2*g = -50, -2*j + 4*j = g + 47. Suppose -d - 8 = -j. Let p = d + 12. What are the prime factors of p?
2, 13
What are the prime factors of 4453/(-244)*(-56)/(1 + 1)?
7, 73
Let b(g) = -39*g + 4. Let o(i) = 77*i - 8. Let j(m) = -9*b(m) - 4*o(m). List the prime factors of j(3).
5
Let a = -181 - -397. Let j = a - 90. What are the prime factors of j?
2, 3, 7
Suppose -9*r - 1213 - 155 = 0. Let v = 290 + r. What are the prime factors of v?
2, 3, 23
Let i(y) = y**3 + 15*y**2 + 15*y + 11. Let q be i(-14). Let b be (q - (-3 + 1))*0. Suppose b = -2*u - n + 32, 2*u + u = n + 48. List the prime factors of u.
2
Suppose 16*w - 47 = 15*w. What are the prime factors of w?
47
Suppose -g + 3 = 3*f + 2*f, 3*f = -g - 1. Let b = 10 + g. Suppose 3*v - 5*y = 137, 0*y - 85 = -2*v - b*y. List the prime factors of v.
2, 11
What are the prime factors of 6 - ((0 - 5) + 3192/(-3))?
5, 43
Let a(s) = -3*s**2 + 33255 + s**3 + 11*s - 33265 - 5*s**2. Let h(w) = w. Let p be h(7). List the prime factors of a(p).
2, 3
Let u = 12 - -10. Let h = u + -17. Suppose 0 = -h*k - 30 + 355. List the prime factors of k.
5, 13
Suppose -9*q - 2*h = -4*q - 1803, 5*h = 3*q - 1088. List the prime factors of q.
19
What are the prime factors of (165/12 + -1)/((-6)/(-352))?
2, 11, 17
Suppose -1197 = -5*x - 3*z, -2*x - x + 716 = 4*z. Suppose -u - x = -3*u. List the prime factors of u.
2, 3, 5
Suppose 5*c = 9*c + 1828. Let g = c + 644. What are the prime factors of g?
11, 17
Suppose -g + 3*v = 3*g - 86, 0 = -4*g + 2*v + 88. Suppose g*b - 22*b - 62 = 0. What are the prime factors of b?
2, 31
Let b(h) = h**3 - 8*h**2 - 9*h - 12. Suppose -58 + 18 = -4*g. List the prime factors of b(g).
2, 7
Suppose -11*c + 4794 + 255 = 0. List the prime factors of c.
3, 17
Let p(o) = o**3 + 27*o**2 - 12*o - 45. What are the prime factors of p(-27)?
3, 31
Let o(y) = y**3 - 14*y**2 - 24*y + 19. Let q be o(16). Suppose -a + h + q = a, 2 = 2*h. List the prime factors of a.
2, 37
Let l(h) = -168*h + 163. What are the prime factors of l(-13)?
2347
Let w be 2/(-3)*18/(-4). Suppose -2*z = 2*h - w*z - 31, 2*z - 13 = -h. Suppose h = 2*m - 1. What are the prime factors of m?
2
Let l(x) = -x + 12. Let m be (1 + 7/2)*2. Let i be l(m). Suppose 5*w - 6*o - 95 = -7*o, -5*w = i*o - 105. List the prime factors of w.
2, 3
Let f = -4508 - -8028. List the prime factors of f.
2, 5, 11
Suppose 103 = -10*o - 1007. Let k = 270 + o. List the prime factors of k.
3, 53
List the prime factors of (-199518)/(-176) + (-6)/(-16).
2, 3, 7
Suppose -y = -2373 + 1212. List the prime factors of y.
3, 43
Let l = -40 + 61. Let y = l - 14. Let c = 32 + y. List the prime factors of c.
3, 13
Suppose -4*k - 5*p - 75 = 0, -k + p = -5 + 17. Let a = -12 - k. What are the prime factors of a?
3
Let k(g) = 25*g - 54. Let w be k(6). List the prime factors of (w/10)/((-4)/(280/(-3))).
2, 7
Let l(a) = 411*a**2 + 24*a + 39. List the prime factors of l(-2).
3, 5, 109
Let q = 24 + -15. Let h = 11 - q. Suppose -36 + 6 = -3*v + 2*r, 0 = -4*v + h*r + 42. What are the prime factors of v?
2, 3
Suppose 4*r = -2*r. List the prime factors of 45 + r + 3 + 0.
2, 3
Suppose -734 = -s + 1815. What are the prime factors of s?
2549
Suppose 0 = -5*j + 2*i - 7750, 0*j - 2*i = j + 1538. What are the prime factors of -3*(-5)/75 + j/(-10)?
5, 31
Suppose 279 = 3*s - 753. What are the prime factors of s?
2, 43
Let d be 2/7 - (-16)/(-56) - 0. Suppose -o + 135 = 4*s, 0*s = 2*s - 3*o - 71. Suppose -4*t + 5*k = -s, 4*t + d*k - 46 = -k. List the prime factors of t.
11
Let f be 132/77*(8 - 1). Suppose 0 = 11*h - f*h + 55. What are the prime factors of h?
5, 11
Let o be (-32)/(-4)*(-2)/(-8) + 0. What are the prime factors of (139 - 12)*(o - (3 - 2))?
127
Let t(d) = d**3 + 9*d**2 + 9*d - 17. List the prime factors of t(9).
2, 761
Suppose 0 = -3*t - 5*o - 12 + 36, 4*o - 18 = -2*t. Suppose 2*j + t*j = 750. List the prime factors of j.
2, 3, 5
Let b(w) = -w**3 + 4*w**2 + 14*w - 18. Let x be b(9). Let i = x + 457. List the prime factors of i.
2, 5
List the prime factors of (-1)/(-4 + 19096/4776).
3, 199
Let q = 1669 - -1130. What are the prime factors of q?
3, 311
Let n(x) = 19*x - 20. Let o be n(9). Let t = o + 17. List the prime factors of t.
2, 3, 7
Let w(g) = g - 1. Le